ppose -r + 272 + 52 = -3*p, 5*r = 3*p + 336. Let i = p + 215. What is the hundreds digit of i?
1
Let j = 27 - 19. Suppose -7*f + 6*f + 2 = 0. Suppose -5*i - f*o = 60 - 291, 4*o + j = 0. What is the tens digit of i?
4
Let j = -157 - -363. Let o = j - 80. What is the tens digit of o?
2
Suppose -167 - 406 = -2*o + 5*k, 2*o - 553 = k. What is the hundreds digit of o?
2
Suppose 6*k = 2203 + 995. What is the tens digit of k?
3
Let m(g) = -5*g + 1 + 3*g**2 - 13 - 2*g**2. Let k be m(10). Let y = 53 - k. What is the units digit of y?
5
Let b be (6 - 2) + 1 + -2. What is the tens digit of (-8)/12*b - -48?
4
Let i(x) = 8*x**3 + 91*x**2 + 16*x - 15. What is the tens digit of i(-9)?
8
Let j be 4*(-3)/(-2)*-1. Suppose -4*m + 3 - 51 = 0. Let a = j - m. What is the units digit of a?
6
Suppose -341 = -5*r + 44. Let k = r - 18. What is the units digit of k?
9
Suppose 3*s = -5*a + 5061, 4*s + a + a - 6762 = 0. What is the units digit of s?
2
Let o(c) be the second derivative of -9/2*c**2 + 9*c - 1/6*c**3 + 0 - 1/20*c**5 + 2/3*c**4. What is the tens digit of o(7)?
3
Let j(f) = -7*f - 48. Let h be j(-13). Let q = -4 - -6. What is the units digit of h/q + 2/(-4)?
1
Suppose -2*g - 18 = -g. Let d(b) = -2*b**3 + 23*b**2 - 5*b + 25. Let s be d(11). What is the tens digit of (g/7)/((-13)/s)?
1
Let x = 15 + -17. Let m be 9/x*(-4)/6. What is the tens digit of m/(-5) - (-366)/10?
3
Suppose -158 = 2*m + 2*w - 38, 105 = -2*m - 5*w. Let y = 115 + m. What is the tens digit of y?
5
What is the hundreds digit of 1510*184/460*(-9)/(-2)?
7
Let g(n) = n**2 - 6*n - 432. What is the units digit of g(-31)?
5
What is the thousands digit of (50784/80)/(8/20)?
1
Suppose -1864 = -11*k + 7*k. What is the tens digit of k?
6
Suppose 5*a + 14*a = 11153. What is the units digit of a?
7
Let h(z) = -z**3 - 13*z**2 - 16*z - 20. What is the tens digit of h(-14)?
0
Suppose -5*x = 7*x - 72. Suppose -x*i - 32 = -260. What is the tens digit of i?
3
Suppose -i = -6*i + 945. Suppose -5*n = -3*n - 5*p - 193, -2*n = -p - i. What is the tens digit of n?
9
Let k = 42 + -43. What is the tens digit of 81 - (k + 0)/((-7)/(-28))?
8
Let h = 1137 - -514. What is the units digit of h?
1
Let y be (1 + -2 + 1)/2. Suppose 4*t - 5*i + 31 = y, 3*t - 2*i + 52 = -4*i. What is the tens digit of t/(-21) + (-308)/(-6)?
5
Let j = -6 - -9. Let s(b) be the second derivative of b**4/6 + b**3/2 + 3*b**2/2 + 68*b + 2. What is the units digit of s(j)?
0
What is the tens digit of (3732/15)/(14/35)?
2
Suppose 0 = 2*a - 5 - 39. Suppose -4*r = 4*l - l + 32, 3*r = 4*l + 1. Let k = a + l. What is the tens digit of k?
1
Let d(w) = -w**3 - 10*w**2 + w + 10. What is the tens digit of d(-12)?
8
Let k be (-85)/(-20) + -4 + (-22)/(-8). Suppose 293 + 223 = k*b. What is the units digit of b?
2
Let c(a) = a**3 + 10*a**2 + 12*a + 13. Let w be c(-9). Let f = w - -46. What is the tens digit of f?
3
Suppose 0*y - 9 = 3*y - 3*o, y = -o - 9. Let c be (-4 - -2)*15/y. Suppose -4*j - 13 = -c*j. What is the tens digit of j?
1
Let n(g) = -10 + 8 - 10 + g. Let c(k) = k + 18. Let b be c(-4). What is the units digit of n(b)?
2
Let q(j) = 4*j**2 - 20*j + 145. What is the thousands digit of q(20)?
1
Suppose 5*s = 3326 + 10354. What is the units digit of s?
6
Suppose b - 4*b - 5*f = -23, -4*b = 5*f - 34. Let z = 13 - b. Suppose -44 = -z*i + 22. What is the units digit of i?
3
Let r(a) = 6*a**2 - 2*a + 1. Let q(d) = d**3 + 2*d**2 + 3*d + 2. Let m be q(-2). Let o = m + 6. What is the tens digit of r(o)?
2
Suppose 34*c - 116 - 1176 = 0. What is the tens digit of c?
3
Let t(x) = -x**2 + 18*x + 11. Let k be t(18). Let u(r) = r**2 + 9*r - 43. What is the tens digit of u(k)?
7
Suppose -8 = -6*u + 16. What is the units digit of u/(-18) - (-627)/27?
3
Suppose -16*c + 6297 = 985. What is the units digit of c?
2
Let z(s) be the first derivative of s**5/60 - 11*s**4/24 - s**3/6 + s**2/2 + 8. Let g(h) be the second derivative of z(h). What is the tens digit of g(13)?
2
Let s(d) = -4*d + 5. Let r(i) = 4 - 4*i - 4*i + 3*i. Let l(n) = 3*r(n) - 4*s(n). What is the units digit of l(10)?
2
Let k(g) be the first derivative of -27*g**2/2 - 10*g - 15. What is the units digit of k(-3)?
1
Suppose 401 = -3*o + 5*s, -5*o - 2*s - 304 = 416. Let w = 333 + o. What is the tens digit of w?
9
Let u be 4/26 - 6/39. Suppose u = -4*r + 4*c - 108, 2*r - 2*c + 76 = -r. Let j = r + 54. What is the units digit of j?
2
Let k(t) be the third derivative of t**6/120 + t**5/5 + 5*t**4/24 - 13*t**3/3 + 23*t**2. What is the tens digit of k(-11)?
4
Suppose 5*z + 5 = 5*k, 3*k = 6*z - z - 5. Suppose 0 = -k*q + i + 364, -3*q - 2*i + 223 = 2*i. What is the tens digit of q?
7
Let y be (-1 - -2)*(5 - -9). Let h be (-7)/4 - (-51)/68 - 62. What is the tens digit of (-180)/h*y/4?
1
Let d(z) = -z + 22. Let x be d(13). Suppose 37 = x*s - 566. What is the tens digit of s?
6
Let o(g) = -59*g + 3 - 3*g**2 + 63*g + 4*g**2. Let y be o(-3). Suppose 4*k + k - 125 = y. What is the tens digit of k?
2
Let w = -56 + 74. Suppose 3*v - w = 75. What is the units digit of v?
1
Suppose -5*m + 5 = 5*v, -2*v + 29 = 4*m - 3*v. Suppose 5*k + n - 855 = m*n, 2*n = 0. What is the tens digit of k?
7
Let z(i) = 166*i + 21. Let v be z(3). Suppose 5*q = 2*w + 844, 4*q + 3*w = q + v. What is the units digit of q?
0
Let k(j) = j**3 - 13*j**2 + 5. Let d be k(13). Suppose -286 = -d*i - 3*y, y = 3*i - 0*i - 166. What is the units digit of i?
6
Suppose -w + 24 = 3*w. Let u = 2 - 5. Let q = w + u. What is the units digit of q?
3
Let o be (4/(-5))/((-2)/105). What is the tens digit of ((-33)/6)/(3/o*-1)?
7
Let a = 942 + -559. What is the tens digit of a?
8
Let f(z) = -z - 4. Let m be f(12). What is the tens digit of (-252)/m - ((-2)/8 - 0)?
1
Suppose 0 = -5*u + 10, -3*u = -0*m - m - 1. Suppose 5*w - 1135 = -m*g, 3*g + 45 - 278 = -w. What is the hundreds digit of w?
2
What is the hundreds digit of 24/((-36)/6) + 290?
2
Suppose 230806 = -52*l + 126*l. What is the units digit of l?
9
Let g(j) = -14*j**3 - 3*j**2 - 2*j. Let v be g(-1). Suppose -12*r = -v*r + 8. What is the units digit of r?
8
Suppose 4 = -n, 4*i - 5*i = -5*n - 34. What is the units digit of (138/(-15))/(i/(-35))?
3
Suppose 2*c + c = -66. Let d = c + 23. What is the units digit of (d - -41)*(2 - 1)?
2
Let n(l) = -247*l - 1041. What is the units digit of n(-8)?
5
Suppose -5*i + 36 = 2*q + 1, -3*q = 2*i - 25. What is the tens digit of q - -25 - -1*1?
3
Let b = 1652 + -1171. What is the tens digit of b?
8
What is the hundreds digit of ((-6275)/50)/((-2)/24)?
5
Suppose 0 = -2*w + y - 4*y + 14, -3*y - 6 = -3*w. Suppose w*i - 29 = 195. What is the units digit of i?
6
Let v(j) = j**3 + 10*j**2 + 7*j - 13. Let k be v(-9). Suppose -3*d + d + 3*m = -122, -k*m + 10 = 0. What is the tens digit of d?
6
Suppose 2*b + 7 + 23 = 0. Let x = b - -8. Let u(h) = -h**2 - 7*h + 11. What is the units digit of u(x)?
1
Suppose 2*m + q - 28 = 0, -3*q + 5*q - 8 = 0. Let r(o) = o**3 - 12*o**2 + 2*o - 2. What is the tens digit of r(m)?
2
Let o = 82 - 27. Suppose 4*m - 122 = -2*w, 0 = -3*w - m - o + 223. What is the units digit of w?
5
Let w(s) = 3*s + 3. Suppose 4*x - z = 13, -x = -4*z - z - 8. Let d be w(x). Let p = d - -13. What is the units digit of p?
5
Let s(r) = r**2 - 10*r + 1. Let c(g) = 5*g - 10. Let h be c(4). Let k be s(h). Suppose -k = -13*y + 12*y. What is the units digit of y?
1
Let m = 88 + -125. Let y = m + 76. What is the tens digit of y?
3
Suppose -b + 3*s + 788 = -34, 1684 = 2*b + 2*s. What is the hundreds digit of b?
8
Let i = -77 - -79. What is the tens digit of (-12)/3 - -63 - (i - 0)?
5
Suppose 144*y - 145*y + 65 = -5*j, -5*y + 325 = -j. What is the tens digit of y?
6
Suppose 0 = 27*w - 39*w + 20628. What is the tens digit of w?
1
Suppose -16 = 4*s - 6*s. What is the units digit of 2*(-2)/s - (-735)/10?
3
Let a = 83 + -78. What is the tens digit of a/(-10) + 1324/8?
6
What is the tens digit of ((-35)/(-2))/((-4)/(-8))?
3
Suppose 0 = -4*b + 301 + 263. What is the units digit of b?
1
Let t(p) = -p**2 + 14*p + 5. Let g(w) = w - 8. Let c be g(-7). Let b = -2 - c. What is the tens digit of t(b)?
1
Suppose 2*q = -0*w + 2*w + 2, -3*w = -5*q + 9. Suppose -4*d - 4*y + 26 + 86 = 0, -w*d + 32 = -4*y. What is the tens digit of d?
2
Let f(u) = -u**3 - 26*u**2 - 43*u - 39. Let q(t) = -2*t**3 - 53*t**2 - 85*